Last updated on 2020-12-31 00:46:45 CET.
Flavor | Version | Tinstall | Tcheck | Ttotal | Status | Flags |
---|---|---|---|---|---|---|
r-devel-linux-x86_64-debian-clang | 3.1 | 37.90 | 176.84 | 214.74 | OK | |
r-devel-linux-x86_64-debian-gcc | 3.1 | 26.32 | 125.16 | 151.48 | OK | |
r-devel-linux-x86_64-fedora-clang | 3.1 | 267.94 | NOTE | |||
r-devel-linux-x86_64-fedora-gcc | 3.1 | 254.72 | NOTE | |||
r-devel-windows-ix86+x86_64 | 3.1 | 84.00 | 347.00 | 431.00 | NOTE | |
r-patched-linux-x86_64 | 3.1 | 30.40 | 169.30 | 199.70 | OK | |
r-patched-solaris-x86 | 3.1 | 345.90 | NOTE | |||
r-release-linux-x86_64 | 3.1 | 28.93 | 168.34 | 197.27 | OK | |
r-release-macos-x86_64 | 3.1 | NOTE | ||||
r-release-windows-ix86+x86_64 | 3.1 | 86.00 | 345.00 | 431.00 | NOTE | |
r-oldrel-macos-x86_64 | 3.1 | NOTE | ||||
r-oldrel-windows-ix86+x86_64 | 3.1 | 54.00 | 289.00 | 343.00 | OK |
Version: 3.1
Check: dependencies in R code
Result: NOTE
Namespace in Imports field not imported from: ‘utils’
All declared Imports should be used.
Flavors: r-devel-linux-x86_64-fedora-clang, r-devel-linux-x86_64-fedora-gcc, r-patched-solaris-x86, r-release-macos-x86_64, r-oldrel-macos-x86_64
Version: 3.1
Check: installed package size
Result: NOTE
installed size is 5.5Mb
sub-directories of 1Mb or more:
data 1.3Mb
doc 1.1Mb
libs 2.1Mb
Flavors: r-devel-windows-ix86+x86_64, r-release-windows-ix86+x86_64