Last updated on 2020-12-31 00:46:45 CET.
Flavor | Version | Tinstall | Tcheck | Ttotal | Status | Flags |
---|---|---|---|---|---|---|
r-devel-linux-x86_64-debian-clang | 0.1.0 | 4.52 | 37.66 | 42.18 | OK | |
r-devel-linux-x86_64-debian-gcc | 0.1.0 | 3.03 | 29.41 | 32.44 | OK | |
r-devel-linux-x86_64-fedora-clang | 0.1.0 | 59.48 | NOTE | |||
r-devel-linux-x86_64-fedora-gcc | 0.1.0 | 50.00 | NOTE | |||
r-devel-windows-ix86+x86_64 | 0.1.0 | 9.00 | 55.00 | 64.00 | OK | |
r-patched-linux-x86_64 | 0.1.0 | 3.98 | 35.60 | 39.58 | OK | |
r-patched-solaris-x86 | 0.1.0 | 72.70 | NOTE | |||
r-release-linux-x86_64 | 0.1.0 | 4.25 | 35.75 | 40.00 | OK | |
r-release-macos-x86_64 | 0.1.0 | NOTE | ||||
r-release-windows-ix86+x86_64 | 0.1.0 | 11.00 | 43.00 | 54.00 | OK | |
r-oldrel-macos-x86_64 | 0.1.0 | NOTE | ||||
r-oldrel-windows-ix86+x86_64 | 0.1.0 | 6.00 | 41.00 | 47.00 | OK |
Version: 0.1.0
Check: dependencies in R code
Result: NOTE
Namespace in Imports field not imported from: ‘knitr’
All declared Imports should be used.
Flavors: r-devel-linux-x86_64-fedora-clang, r-devel-linux-x86_64-fedora-gcc, r-patched-solaris-x86, r-release-macos-x86_64, r-oldrel-macos-x86_64