Last updated on 2020-12-31 00:46:45 CET.
Flavor | Version | Tinstall | Tcheck | Ttotal | Status | Flags |
---|---|---|---|---|---|---|
r-devel-linux-x86_64-debian-clang | 0.42.3 | 638.04 | 172.47 | 810.51 | OK | |
r-devel-linux-x86_64-debian-gcc | 0.42.3 | 537.45 | 128.38 | 665.83 | OK | |
r-devel-linux-x86_64-fedora-clang | 0.42.3 | 1100.98 | NOTE | |||
r-devel-linux-x86_64-fedora-gcc | 0.42.3 | 1147.64 | OK | |||
r-devel-windows-ix86+x86_64 | 0.42.3 | 1361.00 | 359.00 | 1720.00 | NOTE | |
r-patched-linux-x86_64 | 0.42.3 | 587.93 | 161.74 | 749.67 | OK | |
r-patched-solaris-x86 | 0.42.3 | 945.90 | NOTE | |||
r-release-linux-x86_64 | 0.42.3 | 597.39 | 163.36 | 760.75 | OK | |
r-release-macos-x86_64 | 0.42.3 | NOTE | ||||
r-release-windows-ix86+x86_64 | 0.42.3 | 1374.00 | 357.00 | 1731.00 | NOTE | |
r-oldrel-macos-x86_64 | 0.42.3 | NOTE | ||||
r-oldrel-windows-ix86+x86_64 | 0.42.3 | 859.00 | 247.00 | 1106.00 | NOTE |
Version: 0.42.3
Check: installed package size
Result: NOTE
installed size is 48.9Mb
sub-directories of 1Mb or more:
data 1.4Mb
doc 1.1Mb
extdata 1.1Mb
include 3.0Mb
libs 41.6Mb
Flavors: r-devel-linux-x86_64-fedora-clang, r-devel-windows-ix86+x86_64, r-patched-solaris-x86, r-release-macos-x86_64, r-release-windows-ix86+x86_64, r-oldrel-macos-x86_64, r-oldrel-windows-ix86+x86_64