CRAN Package Check Results for Package image.libfacedetection

Last updated on 2020-12-31 00:46:45 CET.

Flavor Version Tinstall Tcheck Ttotal Status Flags
r-devel-linux-x86_64-debian-clang 0.1 55.30 37.59 92.89 OK
r-devel-linux-x86_64-debian-gcc 0.1 30.43 30.21 60.64 OK
r-devel-linux-x86_64-fedora-clang 0.1 135.47 OK
r-devel-linux-x86_64-fedora-gcc 0.1 106.65 OK
r-devel-windows-ix86+x86_64 0.1 125.00 88.00 213.00 NOTE
r-patched-linux-x86_64 0.1 36.80 37.87 74.67 OK
r-patched-solaris-x86 0.1 132.30 OK
r-release-linux-x86_64 0.1 35.30 37.61 72.91 OK
r-release-macos-x86_64 0.1 OK
r-release-windows-ix86+x86_64 0.1 125.00 84.00 209.00 NOTE
r-oldrel-macos-x86_64 0.1 OK
r-oldrel-windows-ix86+x86_64 0.1 129.00 72.00 201.00 NOTE

Check Details

Version: 0.1
Check: installed package size
Result: NOTE
     installed size is 7.0Mb
     sub-directories of 1Mb or more:
     libs 6.8Mb
Flavors: r-devel-windows-ix86+x86_64, r-release-windows-ix86+x86_64, r-oldrel-windows-ix86+x86_64