CRAN Package Check Results for Package image.dlib

Last updated on 2020-12-31 00:46:45 CET.

Flavor Version Tinstall Tcheck Ttotal Status Flags
r-devel-linux-x86_64-debian-clang 0.1.0 71.83 28.12 99.95 OK
r-devel-linux-x86_64-debian-gcc 0.1.0 47.69 21.69 69.38 OK
r-devel-linux-x86_64-fedora-clang 0.1.0 141.38 NOTE
r-devel-linux-x86_64-fedora-gcc 0.1.0 121.79 OK
r-devel-windows-ix86+x86_64 0.1.0 174.00 71.00 245.00 NOTE
r-patched-linux-x86_64 0.1.0 52.56 26.34 78.90 OK
r-patched-solaris-x86 0.1.0 124.80 NOTE
r-release-linux-x86_64 0.1.0 59.07 26.35 85.42 OK
r-release-macos-x86_64 0.1.0 NOTE
r-release-windows-ix86+x86_64 0.1.0 172.00 74.00 246.00 NOTE
r-oldrel-macos-x86_64 0.1.0 NOTE
r-oldrel-windows-ix86+x86_64 0.1.0 112.00 62.00 174.00 NOTE

Check Details

Version: 0.1.0
Check: installed package size
Result: NOTE
     installed size is 14.3Mb
     sub-directories of 1Mb or more:
     dlib-19.20 9.3Mb
     libs 4.4Mb
Flavors: r-devel-linux-x86_64-fedora-clang, r-devel-windows-ix86+x86_64, r-patched-solaris-x86, r-release-macos-x86_64, r-release-windows-ix86+x86_64, r-oldrel-macos-x86_64, r-oldrel-windows-ix86+x86_64