Last updated on 2020-12-31 00:46:45 CET.
Flavor | Version | Tinstall | Tcheck | Ttotal | Status | Flags |
---|---|---|---|---|---|---|
r-devel-linux-x86_64-debian-clang | 0.10.0 | 51.03 | 244.69 | 295.72 | OK | |
r-devel-linux-x86_64-debian-gcc | 0.10.0 | 34.09 | 180.13 | 214.22 | OK | |
r-devel-linux-x86_64-fedora-clang | 0.10.0 | 381.49 | OK | |||
r-devel-linux-x86_64-fedora-gcc | 0.10.0 | 364.89 | OK | |||
r-devel-windows-ix86+x86_64 | 0.10.0 | 114.00 | 168.00 | 282.00 | OK | --no-vignettes |
r-patched-linux-x86_64 | 0.10.0 | 43.31 | 235.13 | 278.44 | OK | |
r-patched-solaris-x86 | 0.10.0 | 299.00 | OK | |||
r-release-linux-x86_64 | 0.10.0 | 43.06 | 234.98 | 278.04 | OK | |
r-release-macos-x86_64 | 0.10.0 | OK | ||||
r-release-windows-ix86+x86_64 | 0.10.0 | 114.00 | 125.00 | 239.00 | OK | --no-vignettes |
r-oldrel-macos-x86_64 | 0.10.0 | WARN | ||||
r-oldrel-windows-ix86+x86_64 | 0.10.0 | 75.00 | 132.00 | 207.00 | OK | --no-vignettes |
Version: 0.10.0
Check: whether package can be installed
Result: WARN
Found the following significant warnings:
Warning: 'rgl_init' failed, running with rgl.useNULL = TRUE
Flavor: r-oldrel-macos-x86_64
Version: 0.10.0
Check: dependencies in R code
Result: NOTE
No protocol specified
Flavor: r-oldrel-macos-x86_64
Version: 0.10.0
Check: S3 generic/method consistency
Result: WARN
No protocol specified
See section ‘Generic functions and methods’ in the ‘Writing R
Extensions’ manual.
Flavor: r-oldrel-macos-x86_64
Version: 0.10.0
Check: replacement functions
Result: WARN
No protocol specified
The argument of a replacement function which corresponds to the right
hand side must be named ‘value’.
Flavor: r-oldrel-macos-x86_64
Version: 0.10.0
Check: foreign function calls
Result: NOTE
No protocol specified
See chapter ‘System and foreign language interfaces’ in the ‘Writing R
Extensions’ manual.
Flavor: r-oldrel-macos-x86_64
Version: 0.10.0
Check: R code for possible problems
Result: NOTE
No protocol specified
Flavor: r-oldrel-macos-x86_64
Version: 0.10.0
Check: for missing documentation entries
Result: WARN
No protocol specified
All user-level objects in a package should have documentation entries.
See chapter ‘Writing R documentation files’ in the ‘Writing R
Extensions’ manual.
Flavor: r-oldrel-macos-x86_64
Version: 0.10.0
Check: for code/documentation mismatches
Result: WARN
No protocol specified
No protocol specified
No protocol specified
Flavor: r-oldrel-macos-x86_64
Version: 0.10.0
Check: Rd \usage sections
Result: NOTE
No protocol specified
The \usage entries for S3 methods should use the \method markup and not
their full name.
See chapter ‘Writing R documentation files’ in the ‘Writing R
Extensions’ manual.
Flavor: r-oldrel-macos-x86_64