CRAN Package Check Results for Package hyper2

Last updated on 2020-12-31 00:46:45 CET.

Flavor Version Tinstall Tcheck Ttotal Status Flags
r-devel-linux-x86_64-debian-clang 1.0-7 22.33 97.43 119.76 OK
r-devel-linux-x86_64-debian-gcc 1.0-7 15.18 71.27 86.45 OK
r-devel-linux-x86_64-fedora-clang 1.0-7 159.57 OK
r-devel-linux-x86_64-fedora-gcc 1.0-7 145.76 OK
r-devel-windows-ix86+x86_64 1.0-7 55.00 191.00 246.00 OK
r-patched-linux-x86_64 1.0-7 19.26 92.10 111.36 OK
r-patched-solaris-x86 1.0-7 189.10 OK
r-release-linux-x86_64 1.0-7 20.27 90.40 110.67 WARN
r-release-macos-x86_64 1.0-7 OK
r-release-windows-ix86+x86_64 1.0-7 54.00 178.00 232.00 OK
r-oldrel-macos-x86_64 1.0-7 OK
r-oldrel-windows-ix86+x86_64 1.0-7 37.00 143.00 180.00 OK

Check Details

Version: 1.0-7
Check: re-building of vignette outputs
Result: WARN
    Error(s) in re-building vignettes:
     ...
    --- re-building ‘icons.Rmd’ using rmarkdown
    Warning in engine$weave(file, quiet = quiet, encoding = enc) :
     The vignette engine knitr::rmarkdown is not available because the rmarkdown package is not available. Did you forget to add it to Suggests in DESCRIPTION? Please see https://github.com/yihui/knitr/issues/1864 for more information.
    --- finished re-building ‘icons.Rmd’
    
    --- re-building ‘table_tennis_serve.Rmd’ using rmarkdown
    Warning in engine$weave(file, quiet = quiet, encoding = enc) :
     The vignette engine knitr::rmarkdown is not available because the rmarkdown package is not available. Did you forget to add it to Suggests in DESCRIPTION? Please see https://github.com/yihui/knitr/issues/1864 for more information.
    --- finished re-building ‘table_tennis_serve.Rmd’
    
    --- re-building ‘hyper2.Rnw’ using Sweave
    Loading required package: cubature
    Error: processing vignette 'hyper2.Rnw' failed with diagnostics:
    Running ‘texi2dvi’ on ‘hyper2.tex’ failed.
    LaTeX errors:
    ! Undefined control sequence.
    <recently read> \Hy@colorlink
    
    l.90 \begin{document}
    
    ! Undefined control sequence.
    \close@pdflink ->\Hy@endcolorlink
     \Hy@VerboseLinkStop \pdfendlink
    l.90 \begin{document}
    
    ! Undefined control sequence.
    <recently read> \Hy@colorlink
    
    l.90 \begin{document}
    
    ! Undefined control sequence.
    \close@pdflink ->\Hy@endcolorlink
     \Hy@VerboseLinkStop \pdfendlink
    l.90 \begin{document}
    
    --- failed re-building ‘hyper2.Rnw’
    
    --- re-building ‘integration.Rnw’ using Sweave
    --- finished re-building ‘integration.Rnw’
    
    SUMMARY: processing the following file failed:
     ‘hyper2.Rnw’
    
    Error: Vignette re-building failed.
    Execution halted
Flavor: r-release-linux-x86_64