CRAN Package Check Results for Package htmltidy

Last updated on 2020-12-31 00:46:45 CET.

Flavor Version Tinstall Tcheck Ttotal Status Flags
r-devel-linux-x86_64-debian-clang 0.5.0 58.08 37.36 95.44 OK
r-devel-linux-x86_64-debian-gcc 0.5.0 34.78 29.55 64.33 OK
r-devel-linux-x86_64-fedora-clang 0.5.0 130.39 NOTE
r-devel-linux-x86_64-fedora-gcc 0.5.0 110.80 OK
r-devel-windows-ix86+x86_64 0.5.0 141.00 90.00 231.00 NOTE
r-patched-linux-x86_64 0.5.0 41.60 36.28 77.88 OK
r-patched-solaris-x86 0.5.0 128.00 OK
r-release-linux-x86_64 0.5.0 39.79 36.17 75.96 OK
r-release-macos-x86_64 0.5.0 OK
r-release-windows-ix86+x86_64 0.5.0 139.00 89.00 228.00 NOTE
r-oldrel-macos-x86_64 0.5.0 OK
r-oldrel-windows-ix86+x86_64 0.5.0 107.00 64.00 171.00 OK

Check Details

Version: 0.5.0
Check: installed package size
Result: NOTE
     installed size is 5.1Mb
     sub-directories of 1Mb or more:
     htmlwidgets 1.9Mb
     libs 2.9Mb
Flavors: r-devel-linux-x86_64-fedora-clang, r-devel-windows-ix86+x86_64, r-release-windows-ix86+x86_64