CRAN Package Check Results for Package hsphase

Last updated on 2020-12-31 00:46:45 CET.

Flavor Version Tinstall Tcheck Ttotal Status Flags
r-devel-linux-x86_64-debian-clang 2.0.2 74.06 56.88 130.94 OK
r-devel-linux-x86_64-debian-gcc 2.0.2 45.49 43.12 88.61 OK
r-devel-linux-x86_64-fedora-clang 2.0.2 185.37 NOTE
r-devel-linux-x86_64-fedora-gcc 2.0.2 156.00 NOTE
r-devel-windows-ix86+x86_64 2.0.2 169.00 105.00 274.00 OK
r-patched-linux-x86_64 2.0.2 52.91 55.11 108.02 OK
r-patched-solaris-x86 2.0.2 153.10 OK
r-release-linux-x86_64 2.0.2 55.23 55.17 110.40 OK
r-release-macos-x86_64 2.0.2 OK
r-release-windows-ix86+x86_64 2.0.2 164.00 105.00 269.00 OK
r-oldrel-macos-x86_64 2.0.2 OK
r-oldrel-windows-ix86+x86_64 2.0.2 110.00 69.00 179.00 OK

Check Details

Version: 2.0.2
Check: compiled code
Result: NOTE
    File ‘hsphase/libs/hsphase.so’:
     Found no calls to: ‘R_registerRoutines’, ‘R_useDynamicSymbols’
    
    It is good practice to register native routines and to disable symbol
    search.
    
    See ‘Writing portable packages’ in the ‘Writing R Extensions’ manual.
Flavors: r-devel-linux-x86_64-fedora-clang, r-devel-linux-x86_64-fedora-gcc