Last updated on 2020-12-31 00:46:45 CET.
Flavor | Version | Tinstall | Tcheck | Ttotal | Status | Flags |
---|---|---|---|---|---|---|
r-devel-linux-x86_64-debian-clang | 0.0.6 | 3.25 | 50.94 | 54.19 | OK | |
r-devel-linux-x86_64-debian-gcc | 0.0.6 | 2.36 | 38.81 | 41.17 | OK | |
r-devel-linux-x86_64-fedora-clang | 0.0.6 | 72.40 | NOTE | |||
r-devel-linux-x86_64-fedora-gcc | 0.0.6 | 63.93 | NOTE | |||
r-devel-windows-ix86+x86_64 | 0.0.6 | 6.00 | 68.00 | 74.00 | OK | |
r-patched-linux-x86_64 | 0.0.6 | 3.36 | 49.93 | 53.29 | OK | |
r-patched-solaris-x86 | 0.0.6 | 96.10 | NOTE | |||
r-release-linux-x86_64 | 0.0.6 | 2.65 | 49.23 | 51.88 | OK | |
r-release-macos-x86_64 | 0.0.6 | NOTE | ||||
r-release-windows-ix86+x86_64 | 0.0.6 | 8.00 | 72.00 | 80.00 | OK | |
r-oldrel-macos-x86_64 | 0.0.6 | NOTE | ||||
r-oldrel-windows-ix86+x86_64 | 0.0.6 | 4.00 | 52.00 | 56.00 | OK |
Version: 0.0.6
Check: dependencies in R code
Result: NOTE
Namespace in Imports field not imported from: ‘survival’
All declared Imports should be used.
Flavors: r-devel-linux-x86_64-fedora-clang, r-devel-linux-x86_64-fedora-gcc, r-patched-solaris-x86, r-release-macos-x86_64, r-oldrel-macos-x86_64