CRAN Package Check Results for Package hmgm

Last updated on 2020-12-31 00:46:45 CET.

Flavor Version Tinstall Tcheck Ttotal Status Flags
r-devel-linux-x86_64-debian-clang 1.0.3 11.77 106.61 118.38 OK
r-devel-linux-x86_64-debian-gcc 1.0.3 10.23 80.58 90.81 OK
r-devel-linux-x86_64-fedora-clang 1.0.3 149.04 NOTE
r-devel-linux-x86_64-fedora-gcc 1.0.3 140.44 NOTE
r-devel-windows-ix86+x86_64 1.0.3 26.00 125.00 151.00 OK
r-patched-linux-x86_64 1.0.3 11.73 99.43 111.16 OK
r-patched-solaris-x86 1.0.3 198.90 NOTE
r-release-linux-x86_64 1.0.3 11.47 100.04 111.51 OK
r-release-macos-x86_64 1.0.3 NOTE
r-release-windows-ix86+x86_64 1.0.3 28.00 127.00 155.00 OK
r-oldrel-macos-x86_64 1.0.3 WARN
r-oldrel-windows-ix86+x86_64 1.0.3 2.00 4.00 6.00 ERROR

Check Details

Version: 1.0.3
Check: dependencies in R code
Result: NOTE
    Namespaces in Imports field not imported from:
     ‘Rcpp’ ‘methods’ ‘rgl’
     All declared Imports should be used.
Flavors: r-devel-linux-x86_64-fedora-clang, r-devel-linux-x86_64-fedora-gcc, r-patched-solaris-x86, r-release-macos-x86_64, r-oldrel-macos-x86_64

Version: 1.0.3
Check: whether package can be installed
Result: WARN
    Found the following significant warnings:
     Warning: 'rgl.init' failed, running with 'rgl.useNULL = TRUE'.
Flavor: r-oldrel-macos-x86_64

Version: 1.0.3
Check: whether package can be installed
Result: ERROR
    Installation failed.
Flavor: r-oldrel-windows-ix86+x86_64