CRAN Package Check Results for Package hipread

Last updated on 2020-12-31 00:46:45 CET.

Flavor Version Tinstall Tcheck Ttotal Status Flags
r-devel-linux-x86_64-debian-clang 0.2.2 156.40 40.19 196.59 OK
r-devel-linux-x86_64-debian-gcc 0.2.2 111.20 30.35 141.55 OK
r-devel-linux-x86_64-fedora-clang 0.2.2 283.66 NOTE
r-devel-linux-x86_64-fedora-gcc 0.2.2 257.31 OK
r-devel-windows-ix86+x86_64 0.2.2 434.00 94.00 528.00 OK
r-patched-linux-x86_64 0.2.2 127.39 38.02 165.41 OK
r-patched-solaris-x86 0.2.2 262.50 OK
r-release-linux-x86_64 0.2.2 125.69 38.06 163.75 OK
r-release-macos-x86_64 0.2.2 NOTE
r-release-windows-ix86+x86_64 0.2.2 451.00 96.00 547.00 OK
r-oldrel-macos-x86_64 0.2.2 NOTE
r-oldrel-windows-ix86+x86_64 0.2.2 297.00 65.00 362.00 OK

Check Details

Version: 0.2.2
Check: installed package size
Result: NOTE
     installed size is 6.4Mb
     sub-directories of 1Mb or more:
     libs 6.0Mb
Flavors: r-devel-linux-x86_64-fedora-clang, r-release-macos-x86_64, r-oldrel-macos-x86_64