CRAN Package Check Results for Package heuristicsmineR

Last updated on 2020-12-31 00:46:45 CET.

Flavor Version Tinstall Tcheck Ttotal Status Flags
r-devel-linux-x86_64-debian-clang 0.2.4 54.22 89.15 143.37 OK
r-devel-linux-x86_64-debian-gcc 0.2.4 37.62 65.54 103.16 OK
r-devel-linux-x86_64-fedora-clang 0.2.4 190.20 WARN
r-devel-linux-x86_64-fedora-gcc 0.2.4 171.63 OK
r-devel-windows-ix86+x86_64 0.2.4 132.00 166.00 298.00 OK
r-patched-linux-x86_64 0.2.4 32.98 83.36 116.34 OK
r-patched-solaris-x86 0.2.4 212.80 OK
r-release-linux-x86_64 0.2.4 48.66 82.95 131.61 OK
r-release-macos-x86_64 0.2.4 OK
r-release-windows-ix86+x86_64 0.2.4 132.00 165.00 297.00 OK
r-oldrel-macos-x86_64 0.2.4 OK
r-oldrel-windows-ix86+x86_64 0.2.4 86.00 117.00 203.00 OK

Check Details

Version: 0.2.4
Check: package dependencies
Result: WARN
    Requires (indirectly) orphaned package: ‘plotly’
Flavor: r-devel-linux-x86_64-fedora-clang