CRAN Package Check Results for Package hBayesDM

Last updated on 2020-12-31 00:46:45 CET.

Flavor Version Tinstall Tcheck Ttotal Status Flags
r-devel-linux-x86_64-debian-clang 1.0.2 34.68 164.80 199.48 NOTE
r-devel-linux-x86_64-debian-gcc 1.0.2 33.89 119.16 153.05 NOTE
r-devel-linux-x86_64-fedora-clang 1.0.2 245.33 NOTE
r-devel-linux-x86_64-fedora-gcc 1.0.2 240.81 NOTE
r-devel-windows-ix86+x86_64 1.0.2 67.00 235.00 302.00 NOTE
r-patched-linux-x86_64 1.0.2 23.82 145.36 169.18 NOTE
r-patched-solaris-x86 1.0.2 299.80 NOTE
r-release-linux-x86_64 1.0.2 32.09 146.11 178.20 NOTE
r-release-macos-x86_64 1.0.2 NOTE
r-release-windows-ix86+x86_64 1.0.2 73.00 237.00 310.00 NOTE
r-oldrel-macos-x86_64 1.0.2 NOTE
r-oldrel-windows-ix86+x86_64 1.0.2 42.00 156.00 198.00 NOTE

Check Details

Version: 1.0.2
Check: for GNU extensions in Makefiles
Result: NOTE
    GNU make is a SystemRequirements.
Flavors: r-devel-linux-x86_64-debian-clang, r-devel-linux-x86_64-debian-gcc, r-devel-linux-x86_64-fedora-clang, r-devel-linux-x86_64-fedora-gcc, r-devel-windows-ix86+x86_64, r-patched-linux-x86_64, r-patched-solaris-x86, r-release-linux-x86_64, r-release-macos-x86_64, r-release-windows-ix86+x86_64, r-oldrel-macos-x86_64, r-oldrel-windows-ix86+x86_64