CRAN Package Check Results for Package growfunctions

Last updated on 2020-12-31 00:46:44 CET.

Flavor Version Tinstall Tcheck Ttotal Status Flags
r-devel-linux-x86_64-debian-clang 0.14 271.63 118.45 390.08 OK
r-devel-linux-x86_64-debian-gcc 0.14 206.19 85.74 291.93 OK
r-devel-linux-x86_64-fedora-clang 0.14 544.57 NOTE
r-devel-linux-x86_64-fedora-gcc 0.14 519.23 OK
r-devel-windows-ix86+x86_64 0.14 600.00 241.00 841.00 OK
r-patched-linux-x86_64 0.14 233.34 110.12 343.46 OK
r-patched-solaris-x86 0.14 466.10 OK
r-release-linux-x86_64 0.14 226.91 109.84 336.75 OK
r-release-macos-x86_64 0.14 NOTE
r-release-windows-ix86+x86_64 0.14 612.00 234.00 846.00 OK
r-oldrel-macos-x86_64 0.14 NOTE
r-oldrel-windows-ix86+x86_64 0.14 398.00 162.00 560.00 OK

Check Details

Version: 0.14
Check: installed package size
Result: NOTE
     installed size is 19.5Mb
     sub-directories of 1Mb or more:
     libs 19.0Mb
Flavors: r-devel-linux-x86_64-fedora-clang, r-release-macos-x86_64, r-oldrel-macos-x86_64