CRAN Package Check Results for Package groupedSurv

Last updated on 2020-12-31 00:46:44 CET.

Flavor Version Tinstall Tcheck Ttotal Status Flags
r-devel-linux-x86_64-debian-clang 1.0.4.2 106.95 57.17 164.12 OK
r-devel-linux-x86_64-debian-gcc 1.0.4.2 68.27 45.44 113.71 OK
r-devel-linux-x86_64-fedora-clang 1.0.4.2 242.52 NOTE
r-devel-linux-x86_64-fedora-gcc 1.0.4.2 202.83 OK
r-devel-windows-ix86+x86_64 1.0.4.2 239.00 118.00 357.00 OK
r-patched-linux-x86_64 1.0.4.2 81.31 56.68 137.99 OK
r-patched-solaris-x86 1.0.4.2 200.30 OK
r-release-linux-x86_64 1.0.4.2 81.05 56.41 137.46 OK
r-release-macos-x86_64 1.0.4.2 NOTE
r-release-windows-ix86+x86_64 1.0.4.2 234.00 116.00 350.00 OK
r-oldrel-macos-x86_64 1.0.4.2 NOTE
r-oldrel-windows-ix86+x86_64 1.0.4.2 154.00 79.00 233.00 OK

Check Details

Version: 1.0.4.2
Check: installed package size
Result: NOTE
     installed size is 9.2Mb
     sub-directories of 1Mb or more:
     libs 8.8Mb
Flavors: r-devel-linux-x86_64-fedora-clang, r-release-macos-x86_64, r-oldrel-macos-x86_64