CRAN Package Check Results for Package graphsim

Last updated on 2020-12-31 00:46:44 CET.

Flavor Version Tinstall Tcheck Ttotal Status Flags
r-devel-linux-x86_64-debian-clang 1.0.1 8.26 87.97 96.23 OK
r-devel-linux-x86_64-debian-gcc 1.0.1 7.43 66.41 73.84 OK
r-devel-linux-x86_64-fedora-clang 1.0.1 127.12 NOTE
r-devel-linux-x86_64-fedora-gcc 1.0.1 115.45 NOTE
r-devel-windows-ix86+x86_64 1.0.1 20.00 117.00 137.00 OK
r-patched-linux-x86_64 1.0.1 9.59 83.98 93.57 OK
r-patched-solaris-x86 1.0.1 159.60 NOTE
r-release-linux-x86_64 1.0.1 8.42 82.86 91.28 OK
r-release-macos-x86_64 1.0.1 NOTE
r-release-windows-ix86+x86_64 1.0.1 21.00 86.00 107.00 OK
r-oldrel-macos-x86_64 1.0.1 WARN
r-oldrel-windows-ix86+x86_64 1.0.1 11.00 73.00 84.00 WARN

Check Details

Version: 1.0.1
Check: dependencies in R code
Result: NOTE
    Namespace in Imports field not imported from: ‘utils’
     All declared Imports should be used.
Flavors: r-devel-linux-x86_64-fedora-clang, r-devel-linux-x86_64-fedora-gcc, r-patched-solaris-x86, r-release-macos-x86_64, r-oldrel-macos-x86_64

Version: 1.0.1
Check: Rd cross-references
Result: WARN
    Missing link or links in documentation object 'plot_directed.Rd':
     ‘[base]{plot}’
    
    See section 'Cross-references' in the 'Writing R Extensions' manual.
Flavors: r-oldrel-macos-x86_64, r-oldrel-windows-ix86+x86_64