CRAN Package Check Results for Package graphlayouts

Last updated on 2020-12-31 00:46:44 CET.

Flavor Version Tinstall Tcheck Ttotal Status Flags
r-devel-linux-x86_64-debian-clang 0.7.1 84.02 40.39 124.41 OK
r-devel-linux-x86_64-debian-gcc 0.7.1 51.21 30.98 82.19 OK
r-devel-linux-x86_64-fedora-clang 0.7.1 175.97 NOTE
r-devel-linux-x86_64-fedora-gcc 0.7.1 147.60 OK
r-devel-windows-ix86+x86_64 0.7.1 177.00 100.00 277.00 OK
r-patched-linux-x86_64 0.7.1 63.18 38.15 101.33 OK
r-patched-solaris-x86 0.7.1 141.80 OK
r-release-linux-x86_64 0.7.1 63.63 38.62 102.25 OK
r-release-macos-x86_64 0.7.1 NOTE
r-release-windows-ix86+x86_64 0.7.1 181.00 91.00 272.00 OK
r-oldrel-macos-x86_64 0.7.1 NOTE
r-oldrel-windows-ix86+x86_64 0.7.1 121.00 63.00 184.00 OK

Check Details

Version: 0.7.1
Check: installed package size
Result: NOTE
     installed size is 6.5Mb
     sub-directories of 1Mb or more:
     help 2.4Mb
     libs 3.8Mb
Flavors: r-devel-linux-x86_64-fedora-clang, r-release-macos-x86_64, r-oldrel-macos-x86_64