CRAN Package Check Results for Package gmp

Last updated on 2020-12-31 00:46:44 CET.

Flavor Version Tinstall Tcheck Ttotal Status Flags
r-devel-linux-x86_64-debian-clang 0.6-1 27.77 43.10 70.87 OK
r-devel-linux-x86_64-debian-gcc 0.6-1 18.82 33.10 51.92 OK
r-devel-linux-x86_64-fedora-clang 0.6-1 104.31 NOTE
r-devel-linux-x86_64-fedora-gcc 0.6-1 87.29 OK
r-devel-windows-ix86+x86_64 0.6-1 67.00 97.00 164.00 OK
r-patched-linux-x86_64 0.6-1 22.52 42.68 65.20 OK
r-patched-solaris-x86 0.6-1 121.90 OK
r-release-linux-x86_64 0.6-1 23.83 43.06 66.89 OK
r-release-macos-x86_64 0.6-1 OK
r-release-windows-ix86+x86_64 0.6-1 66.00 72.00 138.00 OK
r-oldrel-macos-x86_64 0.6-1 OK
r-oldrel-windows-ix86+x86_64 0.6-1 57.00 65.00 122.00 OK

Check Details

Version: 0.6-1
Check: Rd cross-references
Result: NOTE
    Undeclared package ‘sfsmisc’ in Rd xrefs
Flavor: r-devel-linux-x86_64-fedora-clang