Last updated on 2020-12-31 00:46:44 CET.
Flavor | Version | Tinstall | Tcheck | Ttotal | Status | Flags |
---|---|---|---|---|---|---|
r-devel-linux-x86_64-debian-clang | 1.1-3.2 | 13.39 | 99.78 | 113.17 | OK | |
r-devel-linux-x86_64-debian-gcc | 1.1-3.2 | 9.64 | 73.15 | 82.79 | OK | |
r-devel-linux-x86_64-fedora-clang | 1.1-3.2 | 141.91 | NOTE | |||
r-devel-linux-x86_64-fedora-gcc | 1.1-3.2 | 128.29 | OK | |||
r-devel-windows-ix86+x86_64 | 1.1-3.2 | 27.00 | 120.00 | 147.00 | OK | |
r-patched-linux-x86_64 | 1.1-3.2 | 12.09 | 89.24 | 101.33 | OK | |
r-patched-solaris-x86 | 1.1-3.2 | 179.40 | OK | |||
r-release-linux-x86_64 | 1.1-3.2 | 11.22 | 90.02 | 101.24 | OK | |
r-release-macos-x86_64 | 1.1-3.2 | OK | ||||
r-release-windows-ix86+x86_64 | 1.1-3.2 | 27.00 | 120.00 | 147.00 | OK | |
r-oldrel-macos-x86_64 | 1.1-3.2 | OK | ||||
r-oldrel-windows-ix86+x86_64 | 1.1-3.2 | 17.00 | 78.00 | 95.00 | OK |
Version: 1.1-3.2
Check: Rd cross-references
Result: NOTE
Undeclared package ‘sandwich’ in Rd xrefs
Flavor: r-devel-linux-x86_64-fedora-clang