CRAN Package Check Results for Package glmgraph

Last updated on 2020-12-31 00:46:44 CET.

Flavor Version Tinstall Tcheck Ttotal Status Flags
r-devel-linux-x86_64-debian-clang 1.0.3 66.38 66.79 133.17 OK
r-devel-linux-x86_64-debian-gcc 1.0.3 43.60 51.96 95.56 OK
r-devel-linux-x86_64-fedora-clang 1.0.3 182.52 NOTE
r-devel-linux-x86_64-fedora-gcc 1.0.3 165.34 NOTE
r-devel-windows-ix86+x86_64 1.0.3 153.00 182.00 335.00 OK
r-patched-linux-x86_64 1.0.3 53.34 65.75 119.09 OK
r-patched-solaris-x86 1.0.3 175.40 OK
r-release-linux-x86_64 1.0.3 53.27 66.17 119.44 OK
r-release-macos-x86_64 1.0.3 OK
r-release-windows-ix86+x86_64 1.0.3 149.00 186.00 335.00 OK
r-oldrel-macos-x86_64 1.0.3 OK
r-oldrel-windows-ix86+x86_64 1.0.3 98.00 132.00 230.00 OK

Additional issues

valgrind

Check Details

Version: 1.0.3
Check: compiled code
Result: NOTE
    File ‘glmgraph/libs/glmgraph.so’:
     Found no calls to: ‘R_registerRoutines’, ‘R_useDynamicSymbols’
    
    It is good practice to register native routines and to disable symbol
    search.
    
    See ‘Writing portable packages’ in the ‘Writing R Extensions’ manual.
Flavors: r-devel-linux-x86_64-fedora-clang, r-devel-linux-x86_64-fedora-gcc