CRAN Package Check Results for Package glmaag

Last updated on 2020-12-31 00:46:44 CET.

Flavor Version Tinstall Tcheck Ttotal Status Flags
r-devel-linux-x86_64-debian-clang 0.0.6 195.41 137.45 332.86 NOTE
r-devel-linux-x86_64-debian-gcc 0.0.6 145.53 102.83 248.36 NOTE
r-devel-linux-x86_64-fedora-clang 0.0.6 471.81 NOTE
r-devel-linux-x86_64-fedora-gcc 0.0.6 427.43 OK
r-devel-windows-ix86+x86_64 0.0.6 433.00 232.00 665.00 NOTE
r-patched-linux-x86_64 0.0.6 119.88 126.81 246.69 NOTE
r-patched-solaris-x86 0.0.6 429.70 OK
r-release-linux-x86_64 0.0.6 155.58 128.70 284.28 NOTE
r-release-macos-x86_64 0.0.6 NOTE
r-release-windows-ix86+x86_64 0.0.6 438.00 237.00 675.00 NOTE
r-oldrel-macos-x86_64 0.0.6 NOTE
r-oldrel-windows-ix86+x86_64 0.0.6 273.00 154.00 427.00 OK

Check Details

Version: 0.0.6
Check: package vignettes
Result: NOTE
    Package vignette with placeholder title 'Vignette Title':
     'glmaag.Rmd'
Flavors: r-devel-linux-x86_64-debian-clang, r-devel-linux-x86_64-debian-gcc, r-devel-windows-ix86+x86_64, r-patched-linux-x86_64, r-release-linux-x86_64, r-release-windows-ix86+x86_64

Version: 0.0.6
Check: installed package size
Result: NOTE
     installed size is 15.8Mb
     sub-directories of 1Mb or more:
     libs 15.4Mb
Flavors: r-devel-linux-x86_64-fedora-clang, r-release-macos-x86_64, r-oldrel-macos-x86_64