CRAN Package Check Results for Package glmBfp

Last updated on 2020-12-31 00:46:44 CET.

Flavor Version Tinstall Tcheck Ttotal Status Flags
r-devel-linux-x86_64-debian-clang 0.0-60 282.22 126.42 408.64 OK
r-devel-linux-x86_64-debian-gcc 0.0-60 180.07 95.81 275.88 OK
r-devel-linux-x86_64-fedora-clang 0.0-60 551.90 NOTE
r-devel-linux-x86_64-fedora-gcc 0.0-60 497.89 OK
r-devel-windows-ix86+x86_64 0.0-60 613.00 196.00 809.00 OK
r-patched-linux-x86_64 0.0-60 170.19 119.12 289.31 OK
r-patched-solaris-x86 0.0-60 500.00 OK
r-release-linux-x86_64 0.0-60 163.86 119.78 283.64 OK
r-release-macos-x86_64 0.0-60 ERROR
r-release-windows-ix86+x86_64 0.0-60 606.00 199.00 805.00 OK
r-oldrel-macos-x86_64 0.0-60 NOTE
r-oldrel-windows-ix86+x86_64 0.0-60 397.00 130.00 527.00 OK

Check Details

Version: 0.0-60
Check: installed package size
Result: NOTE
     installed size is 10.0Mb
     sub-directories of 1Mb or more:
     libs 9.2Mb
Flavors: r-devel-linux-x86_64-fedora-clang, r-oldrel-macos-x86_64

Version: 0.0-60
Check: whether package can be installed
Result: ERROR
    Installation failed.
Flavor: r-release-macos-x86_64