Last updated on 2020-12-31 00:46:44 CET.
Flavor | Version | Tinstall | Tcheck | Ttotal | Status | Flags |
---|---|---|---|---|---|---|
r-devel-linux-x86_64-debian-clang | 1.0 | 16.04 | 119.93 | 135.97 | OK | |
r-devel-linux-x86_64-debian-gcc | 1.0 | 13.00 | 88.50 | 101.50 | OK | |
r-devel-linux-x86_64-fedora-clang | 1.0 | 164.84 | NOTE | |||
r-devel-linux-x86_64-fedora-gcc | 1.0 | 156.42 | OK | |||
r-devel-windows-ix86+x86_64 | 1.0 | 40.00 | 137.00 | 177.00 | NOTE | |
r-patched-linux-x86_64 | 1.0 | 15.46 | 107.81 | 123.27 | OK | |
r-patched-solaris-x86 | 1.0 | 226.60 | NOTE | |||
r-release-linux-x86_64 | 1.0 | 15.37 | 109.23 | 124.60 | OK | |
r-release-macos-x86_64 | 1.0 | NOTE | ||||
r-release-windows-ix86+x86_64 | 1.0 | 43.00 | 107.00 | 150.00 | NOTE | |
r-oldrel-macos-x86_64 | 1.0 | NOTE | ||||
r-oldrel-windows-ix86+x86_64 | 1.0 | 26.00 | 87.00 | 113.00 | NOTE |
Version: 1.0
Check: installed package size
Result: NOTE
installed size is 9.4Mb
sub-directories of 1Mb or more:
extdata 9.0Mb
Flavors: r-devel-linux-x86_64-fedora-clang, r-devel-windows-ix86+x86_64, r-patched-solaris-x86, r-release-macos-x86_64, r-release-windows-ix86+x86_64, r-oldrel-macos-x86_64, r-oldrel-windows-ix86+x86_64