Last updated on 2020-12-31 00:46:44 CET.
Flavor | Version | Tinstall | Tcheck | Ttotal | Status | Flags |
---|---|---|---|---|---|---|
r-devel-linux-x86_64-debian-clang | 3.0.0 | 12.51 | 78.73 | 91.24 | OK | |
r-devel-linux-x86_64-debian-gcc | 3.0.0 | 10.70 | 58.43 | 69.13 | OK | |
r-devel-linux-x86_64-fedora-clang | 3.0.0 | 116.07 | OK | |||
r-devel-linux-x86_64-fedora-gcc | 3.0.0 | 104.76 | OK | |||
r-devel-windows-ix86+x86_64 | 3.0.0 | 25.00 | 99.00 | 124.00 | OK | |
r-patched-linux-x86_64 | 3.0.0 | 12.67 | 72.45 | 85.12 | OK | |
r-patched-solaris-x86 | 3.0.0 | 149.50 | NOTE | |||
r-release-linux-x86_64 | 3.0.0 | 13.61 | 74.53 | 88.14 | OK | |
r-release-macos-x86_64 | 3.0.0 | OK | ||||
r-release-windows-ix86+x86_64 | 3.0.0 | 26.00 | 104.00 | 130.00 | OK | |
r-oldrel-macos-x86_64 | 3.0.0 | OK | ||||
r-oldrel-windows-ix86+x86_64 | 3.0.0 | 15.00 | 75.00 | 90.00 | OK |
Version: 3.0.0
Check: installed package size
Result: NOTE
installed size is 5.1Mb
sub-directories of 1Mb or more:
data 4.5Mb
Flavor: r-patched-solaris-x86