Last updated on 2020-12-31 00:46:44 CET.
Flavor | Version | Tinstall | Tcheck | Ttotal | Status | Flags |
---|---|---|---|---|---|---|
r-devel-linux-x86_64-debian-clang | 2.0.1 | 12.46 | 103.12 | 115.58 | OK | |
r-devel-linux-x86_64-debian-gcc | 2.0.1 | 9.86 | 74.96 | 84.82 | OK | |
r-devel-linux-x86_64-fedora-clang | 2.0.1 | 142.16 | NOTE | |||
r-devel-linux-x86_64-fedora-gcc | 2.0.1 | 131.81 | NOTE | |||
r-devel-windows-ix86+x86_64 | 2.0.1 | 26.00 | 129.00 | 155.00 | OK | |
r-patched-linux-x86_64 | 2.0.1 | 11.29 | 92.85 | 104.14 | OK | |
r-patched-solaris-x86 | 2.0.1 | 179.90 | NOTE | |||
r-release-linux-x86_64 | 2.0.1 | 12.10 | 93.78 | 105.88 | OK | |
r-release-macos-x86_64 | 2.0.1 | NOTE | ||||
r-release-windows-ix86+x86_64 | 2.0.1 | 28.00 | 94.00 | 122.00 | OK | |
r-oldrel-macos-x86_64 | 2.0.1 | NOTE | ||||
r-oldrel-windows-ix86+x86_64 | 2.0.1 | 18.00 | 87.00 | 105.00 | OK |
Version: 2.0.1
Check: dependencies in R code
Result: NOTE
Namespace in Imports field not imported from: ‘randomForest’
All declared Imports should be used.
Flavors: r-devel-linux-x86_64-fedora-clang, r-devel-linux-x86_64-fedora-gcc, r-patched-solaris-x86, r-release-macos-x86_64, r-oldrel-macos-x86_64