CRAN Package Check Results for Package geogrid

Last updated on 2020-12-31 00:46:44 CET.

Flavor Version Tinstall Tcheck Ttotal Status Flags
r-devel-linux-x86_64-debian-clang 0.1.1 35.01 82.87 117.88 OK
r-devel-linux-x86_64-debian-gcc 0.1.1 22.90 62.64 85.54 OK
r-devel-linux-x86_64-fedora-clang 0.1.1 153.50 OK
r-devel-linux-x86_64-fedora-gcc 0.1.1 141.98 OK
r-devel-windows-ix86+x86_64 0.1.1 79.00 161.00 240.00 NOTE
r-patched-linux-x86_64 0.1.1 27.71 78.88 106.59 OK
r-patched-solaris-x86 0.1.1 175.40 OK
r-release-linux-x86_64 0.1.1 26.32 78.96 105.28 OK
r-release-macos-x86_64 0.1.1 OK
r-release-windows-ix86+x86_64 0.1.1 78.00 168.00 246.00 NOTE
r-oldrel-macos-x86_64 0.1.1 OK
r-oldrel-windows-ix86+x86_64 0.1.1 50.00 110.00 160.00 OK

Check Details

Version: 0.1.1
Check: installed package size
Result: NOTE
     installed size is 5.2Mb
     sub-directories of 1Mb or more:
     extdata 3.1Mb
     libs 2.0Mb
Flavors: r-devel-windows-ix86+x86_64, r-release-windows-ix86+x86_64