CRAN Package Check Results for Package genio

Last updated on 2020-12-31 00:46:44 CET.

Flavor Version Tinstall Tcheck Ttotal Status Flags
r-devel-linux-x86_64-debian-clang 1.0.12 26.93 50.29 77.22 OK
r-devel-linux-x86_64-debian-gcc 1.0.12 16.22 39.39 55.61 OK
r-devel-linux-x86_64-fedora-clang 1.0.12 108.57 OK
r-devel-linux-x86_64-fedora-gcc 1.0.12 92.50 OK
r-devel-windows-ix86+x86_64 1.0.12 61.00 106.00 167.00 OK
r-patched-linux-x86_64 1.0.12 19.61 48.54 68.15 OK
r-patched-solaris-x86 1.0.12 117.60 OK
r-release-linux-x86_64 1.0.12 18.70 48.70 67.40 OK
r-release-macos-x86_64 1.0.12 NOTE
r-release-windows-ix86+x86_64 1.0.12 61.00 111.00 172.00 OK
r-oldrel-macos-x86_64 1.0.12 OK
r-oldrel-windows-ix86+x86_64 1.0.12 47.00 78.00 125.00 OK

Check Details

Version: 1.0.12
Check: package dependencies
Result: NOTE
    Package suggested but not available for checking: ‘lfa’
Flavor: r-release-macos-x86_64