CRAN Package Check Results for Package genieclust

Last updated on 2020-12-31 00:46:44 CET.

Flavor Version Tinstall Tcheck Ttotal Status Flags
r-devel-linux-x86_64-debian-clang 0.9.4 39.74 27.79 67.53 ERROR
r-devel-linux-x86_64-debian-gcc 0.9.4 27.75 21.65 49.40 ERROR
r-devel-linux-x86_64-fedora-clang 0.9.4 104.18 ERROR
r-devel-linux-x86_64-fedora-gcc 0.9.4 85.69 ERROR
r-devel-windows-ix86+x86_64 0.9.4 90.00 72.00 162.00 ERROR
r-patched-linux-x86_64 0.9.4 30.83 27.84 58.67 ERROR
r-patched-solaris-x86 0.9.4 95.80 ERROR
r-release-linux-x86_64 0.9.4 33.99 26.88 60.87 ERROR
r-release-macos-x86_64 0.9.4 OK
r-release-windows-ix86+x86_64 0.9.4 89.00 79.00 168.00 ERROR
r-oldrel-macos-x86_64 0.9.4 OK
r-oldrel-windows-ix86+x86_64 0.9.4 63.00 51.00 114.00 ERROR

Check Details

Version: 0.9.4
Check: dependencies in R code
Result: WARN
    Missing or unexported object: 'emstreeR::mlpack_mst'
Flavors: r-devel-linux-x86_64-debian-clang, r-devel-linux-x86_64-debian-gcc, r-devel-linux-x86_64-fedora-clang, r-devel-linux-x86_64-fedora-gcc, r-devel-windows-ix86+x86_64

Version: 0.9.4
Check: examples
Result: ERROR
    Running examples in 'genieclust-Ex.R' failed
    The error most likely occurred in:
    
    > base::assign(".ptime", proc.time(), pos = "CheckExEnv")
    > ### Name: gclust
    > ### Title: The Genie++ Hierarchical Clustering Algorithm
    > ### Aliases: gclust gclust.default gclust.dist gclust.mst genie
    > ### genie.default genie.dist genie.mst
    >
    > ### ** Examples
    >
    > library("datasets")
    > data("iris")
    > X <- iris[1:4]
    > h <- gclust(X)
    > y_pred <- cutree(h, 3)
    > y_test <- iris[,5]
    > plot(iris[,2], iris[,3], col=y_pred,
    + pch=as.integer(iris[,5]), asp=1, las=1)
    > adjusted_rand_score(y_test, y_pred)
    [1] 0.8857921
    > pair_sets_index(y_test, y_pred)
    [1] 0.9049708
    >
    > # Fast for low-dimensional Euclidean spaces:
    > if (require("emstreeR")) h <- gclust(emst_mlpack(X))
    Loading required package: emstreeR
    Please, do not forget to appropriately cite 'emstreeR' when using it in an academic research. See citation(package = 'emstreeR').
    Error: 'mlpack_mst' is not an exported object from 'namespace:emstreeR'
    Execution halted
Flavors: r-devel-linux-x86_64-debian-clang, r-devel-linux-x86_64-debian-gcc, r-patched-linux-x86_64, r-release-linux-x86_64

Version: 0.9.4
Check: examples
Result: ERROR
    Running examples in ‘genieclust-Ex.R’ failed
    The error most likely occurred in:
    
    > ### Name: gclust
    > ### Title: The Genie++ Hierarchical Clustering Algorithm
    > ### Aliases: gclust gclust.default gclust.dist gclust.mst genie
    > ### genie.default genie.dist genie.mst
    >
    > ### ** Examples
    >
    > library("datasets")
    > data("iris")
    > X <- iris[1:4]
    > h <- gclust(X)
    OMP: Warning #96: Cannot form a team with 24 threads, using 2 instead.
    OMP: Hint Consider unsetting KMP_DEVICE_THREAD_LIMIT (KMP_ALL_THREADS), KMP_TEAMS_THREAD_LIMIT, and OMP_THREAD_LIMIT (if any are set).
    > y_pred <- cutree(h, 3)
    > y_test <- iris[,5]
    > plot(iris[,2], iris[,3], col=y_pred,
    + pch=as.integer(iris[,5]), asp=1, las=1)
    > adjusted_rand_score(y_test, y_pred)
    [1] 0.8857921
    > pair_sets_index(y_test, y_pred)
    [1] 0.9049708
    >
    > # Fast for low-dimensional Euclidean spaces:
    > if (require("emstreeR")) h <- gclust(emst_mlpack(X))
    Loading required package: emstreeR
    Please, do not forget to appropriately cite 'emstreeR' when using it in an academic research. See citation(package = 'emstreeR').
    Error: 'mlpack_mst' is not an exported object from 'namespace:emstreeR'
    Execution halted
Flavor: r-devel-linux-x86_64-fedora-clang

Version: 0.9.4
Check: examples
Result: ERROR
    Running examples in ‘genieclust-Ex.R’ failed
    The error most likely occurred in:
    
    > ### Name: gclust
    > ### Title: The Genie++ Hierarchical Clustering Algorithm
    > ### Aliases: gclust gclust.default gclust.dist gclust.mst genie
    > ### genie.default genie.dist genie.mst
    >
    > ### ** Examples
    >
    > library("datasets")
    > data("iris")
    > X <- iris[1:4]
    > h <- gclust(X)
    > y_pred <- cutree(h, 3)
    > y_test <- iris[,5]
    > plot(iris[,2], iris[,3], col=y_pred,
    + pch=as.integer(iris[,5]), asp=1, las=1)
    > adjusted_rand_score(y_test, y_pred)
    [1] 0.8857921
    > pair_sets_index(y_test, y_pred)
    [1] 0.9049708
    >
    > # Fast for low-dimensional Euclidean spaces:
    > if (require("emstreeR")) h <- gclust(emst_mlpack(X))
    Loading required package: emstreeR
    Please, do not forget to appropriately cite 'emstreeR' when using it in an academic research. See citation(package = 'emstreeR').
    Error: 'mlpack_mst' is not an exported object from 'namespace:emstreeR'
    Execution halted
Flavors: r-devel-linux-x86_64-fedora-gcc, r-patched-solaris-x86

Version: 0.9.4
Check: running examples for arch ‘i386’
Result: ERROR
    Running examples in 'genieclust-Ex.R' failed
    The error most likely occurred in:
    
    > ### Name: gclust
    > ### Title: The Genie++ Hierarchical Clustering Algorithm
    > ### Aliases: gclust gclust.default gclust.dist gclust.mst genie
    > ### genie.default genie.dist genie.mst
    >
    > ### ** Examples
    >
    > library("datasets")
    > data("iris")
    > X <- iris[1:4]
    > h <- gclust(X)
    > y_pred <- cutree(h, 3)
    > y_test <- iris[,5]
    > plot(iris[,2], iris[,3], col=y_pred,
    + pch=as.integer(iris[,5]), asp=1, las=1)
    > adjusted_rand_score(y_test, y_pred)
    [1] 0.8857921
    > pair_sets_index(y_test, y_pred)
    [1] 0.9049708
    >
    > # Fast for low-dimensional Euclidean spaces:
    > if (require("emstreeR")) h <- gclust(emst_mlpack(X))
    Loading required package: emstreeR
    Please, do not forget to appropriately cite 'emstreeR' when using it in an academic research. See citation(package = 'emstreeR').
    Error: 'mlpack_mst' is not an exported object from 'namespace:emstreeR'
    Execution halted
Flavors: r-devel-windows-ix86+x86_64, r-release-windows-ix86+x86_64, r-oldrel-windows-ix86+x86_64

Version: 0.9.4
Check: running examples for arch ‘x64’
Result: ERROR
    Running examples in 'genieclust-Ex.R' failed
    The error most likely occurred in:
    
    > ### Name: gclust
    > ### Title: The Genie++ Hierarchical Clustering Algorithm
    > ### Aliases: gclust gclust.default gclust.dist gclust.mst genie
    > ### genie.default genie.dist genie.mst
    >
    > ### ** Examples
    >
    > library("datasets")
    > data("iris")
    > X <- iris[1:4]
    > h <- gclust(X)
    > y_pred <- cutree(h, 3)
    > y_test <- iris[,5]
    > plot(iris[,2], iris[,3], col=y_pred,
    + pch=as.integer(iris[,5]), asp=1, las=1)
    > adjusted_rand_score(y_test, y_pred)
    [1] 0.8857921
    > pair_sets_index(y_test, y_pred)
    [1] 0.9049708
    >
    > # Fast for low-dimensional Euclidean spaces:
    > if (require("emstreeR")) h <- gclust(emst_mlpack(X))
    Loading required package: emstreeR
    Please, do not forget to appropriately cite 'emstreeR' when using it in an academic research. See citation(package = 'emstreeR').
    Error: 'mlpack_mst' is not an exported object from 'namespace:emstreeR'
    Execution halted
Flavors: r-devel-windows-ix86+x86_64, r-release-windows-ix86+x86_64, r-oldrel-windows-ix86+x86_64

Version: 0.9.4
Check: dependencies in R code
Result: NOTE
    Missing or unexported object: ‘emstreeR::mlpack_mst’
Flavors: r-patched-linux-x86_64, r-patched-solaris-x86, r-release-linux-x86_64, r-release-windows-ix86+x86_64, r-oldrel-windows-ix86+x86_64