CRAN Package Check Results for Package gems

Last updated on 2020-12-31 00:46:44 CET.

Flavor Version Tinstall Tcheck Ttotal Status Flags
r-devel-linux-x86_64-debian-clang 1.1.1 6.06 58.71 64.77 OK
r-devel-linux-x86_64-debian-gcc 1.1.1 4.13 44.95 49.08 OK
r-devel-linux-x86_64-fedora-clang 1.1.1 87.03 OK
r-devel-linux-x86_64-fedora-gcc 1.1.1 76.47 OK
r-devel-windows-ix86+x86_64 1.1.1 10.00 82.00 92.00 OK
r-patched-linux-x86_64 1.1.1 5.59 55.93 61.52 OK
r-patched-solaris-x86 1.1.1 101.20 OK
r-release-linux-x86_64 1.1.1 4.96 55.55 60.51 WARN
r-release-macos-x86_64 1.1.1 OK
r-release-windows-ix86+x86_64 1.1.1 10.00 82.00 92.00 OK
r-oldrel-macos-x86_64 1.1.1 OK
r-oldrel-windows-ix86+x86_64 1.1.1 7.00 60.00 67.00 OK

Check Details

Version: 1.1.1
Check: re-building of vignette outputs
Result: WARN
    Error(s) in re-building vignettes:
     ...
    --- re-building ‘gems.Rnw’ using Sweave
    Error: processing vignette 'gems.Rnw' failed with diagnostics:
    Running ‘texi2dvi’ on ‘gems.tex’ failed.
    LaTeX errors:
    ! Undefined control sequence.
    <recently read> \Hy@colorlink
    
    l.95 \begin{document}
    
    ! Undefined control sequence.
    \close@pdflink ->\Hy@endcolorlink
     \Hy@VerboseLinkStop \pdfendlink
    l.95 \begin{document}
    
    ! Undefined control sequence.
    <recently read> \Hy@colorlink
    
    l.95 \begin{document}
    
    ! Undefined control sequence.
    \close@pdflink ->\Hy@endcolorlink
     \Hy@VerboseLinkStop \pdfendlink
    l.95 \begin{document}
    
    ! Undefined control sequence.
    <recently read> \Hy@colorlink
    
    l.95 \begin{document}
    
    ! Undefined control sequence.
    \close@pdflink ->\Hy@endcolorlink
     \Hy@VerboseLinkStop \pdfendlink
    l.95 \begin{document}
    
    ! Undefined control sequence.
    <recently read> \Hy@colorlink
    
    l.95 \begin{document}
    
    ! Undefined control sequence.
    \close@pdflink ->\Hy@endcolorlink
     \Hy@VerboseLinkStop \pdfendlink
    l.95 \begin{document}
    
    --- failed re-building ‘gems.Rnw’
    
    SUMMARY: processing the following file failed:
     ‘gems.Rnw’
    
    Error: Vignette re-building failed.
    Execution halted
Flavor: r-release-linux-x86_64