CRAN Package Check Results for Package gcKrig

Last updated on 2020-12-31 00:46:43 CET.

Flavor Version Tinstall Tcheck Ttotal Status Flags
r-devel-linux-x86_64-debian-clang 1.1.4 52.64 45.07 97.71 OK
r-devel-linux-x86_64-debian-gcc 1.1.4 33.53 34.04 67.57 OK
r-devel-linux-x86_64-fedora-clang 1.1.4 137.50 NOTE
r-devel-linux-x86_64-fedora-gcc 1.1.4 120.95 OK
r-devel-windows-ix86+x86_64 1.1.4 123.00 94.00 217.00 OK
r-patched-linux-x86_64 1.1.4 43.67 41.83 85.50 OK
r-patched-solaris-x86 1.1.4 122.80 OK
r-release-linux-x86_64 1.1.4 42.40 42.05 84.45 OK
r-release-macos-x86_64 1.1.4 OK
r-release-windows-ix86+x86_64 1.1.4 119.00 89.00 208.00 OK
r-oldrel-macos-x86_64 1.1.4 OK
r-oldrel-windows-ix86+x86_64 1.1.4 75.00 58.00 133.00 OK

Check Details

Version: 1.1.4
Check: Rd cross-references
Result: NOTE
    Undeclared packages ‘gcmr’, ‘mvtnorm’ in Rd xrefs
Flavor: r-devel-linux-x86_64-fedora-clang