CRAN Package Check Results for Package gaselect

Last updated on 2020-12-31 00:46:43 CET.

Flavor Version Tinstall Tcheck Ttotal Status Flags
r-devel-linux-x86_64-debian-clang 1.0.9 174.80 59.64 234.44 OK
r-devel-linux-x86_64-debian-gcc 1.0.9 106.99 44.59 151.58 OK
r-devel-linux-x86_64-fedora-clang 1.0.9 326.96 NOTE
r-devel-linux-x86_64-fedora-gcc 1.0.9 294.06 OK
r-devel-windows-ix86+x86_64 1.0.9 374.00 140.00 514.00 OK
r-patched-linux-x86_64 1.0.9 129.34 59.45 188.79 OK
r-patched-solaris-x86 1.0.9 252.90 OK
r-release-linux-x86_64 1.0.9 135.94 59.70 195.64 OK
r-release-macos-x86_64 1.0.9 OK
r-release-windows-ix86+x86_64 1.0.9 362.00 137.00 499.00 OK
r-oldrel-macos-x86_64 1.0.9 OK
r-oldrel-windows-ix86+x86_64 1.0.9 240.00 100.00 340.00 OK

Check Details

Version: 1.0.9
Check: installed package size
Result: NOTE
     installed size is 5.0Mb
     sub-directories of 1Mb or more:
     libs 4.8Mb
Flavor: r-devel-linux-x86_64-fedora-clang