CRAN Package Check Results for Package gamm4.test

Last updated on 2020-12-31 00:46:43 CET.

Flavor Version Tinstall Tcheck Ttotal Status Flags
r-devel-linux-x86_64-debian-clang 0.1.0 12.73 128.62 141.35 NOTE
r-devel-linux-x86_64-debian-gcc 0.1.0 12.02 96.01 108.03 NOTE
r-devel-linux-x86_64-fedora-clang 0.1.0 175.51 WARN
r-devel-linux-x86_64-fedora-gcc 0.1.0 170.40 OK
r-devel-windows-ix86+x86_64 0.1.0 30.00 162.00 192.00 NOTE
r-patched-linux-x86_64 0.1.0 11.75 119.52 131.27 NOTE
r-patched-solaris-x86 0.1.0 226.30 OK
r-release-linux-x86_64 0.1.0 13.54 119.41 132.95 NOTE
r-release-macos-x86_64 0.1.0 OK
r-release-windows-ix86+x86_64 0.1.0 33.00 158.00 191.00 NOTE
r-oldrel-macos-x86_64 0.1.0 OK
r-oldrel-windows-ix86+x86_64 0.1.0 20.00 98.00 118.00 OK

Check Details

Version: 0.1.0
Check: package vignettes
Result: NOTE
    Package vignette with placeholder title 'Vignette Title':
     'Introduction.Rmd'
Flavors: r-devel-linux-x86_64-debian-clang, r-devel-linux-x86_64-debian-gcc, r-devel-windows-ix86+x86_64, r-patched-linux-x86_64, r-release-linux-x86_64, r-release-windows-ix86+x86_64

Version: 0.1.0
Check: package dependencies
Result: WARN
    Requires orphaned package: ‘plotly’
Flavor: r-devel-linux-x86_64-fedora-clang