CRAN Package Check Results for Package fractional

Last updated on 2020-12-31 00:46:43 CET.

Flavor Version Tinstall Tcheck Ttotal Status Flags
r-devel-linux-x86_64-debian-clang 0.1.3 18.99 35.65 54.64 OK
r-devel-linux-x86_64-debian-gcc 0.1.3 10.47 28.37 38.84 OK
r-devel-linux-x86_64-fedora-clang 0.1.3 80.88 NOTE
r-devel-linux-x86_64-fedora-gcc 0.1.3 66.40 NOTE
r-devel-windows-ix86+x86_64 0.1.3 43.00 77.00 120.00 OK
r-patched-linux-x86_64 0.1.3 14.46 34.20 48.66 OK
r-patched-solaris-x86 0.1.3 80.80 OK
r-release-linux-x86_64 0.1.3 14.02 34.31 48.33 OK
r-release-macos-x86_64 0.1.3 OK
r-release-windows-ix86+x86_64 0.1.3 44.00 78.00 122.00 OK
r-oldrel-macos-x86_64 0.1.3 OK
r-oldrel-windows-ix86+x86_64 0.1.3 29.00 55.00 84.00 OK

Check Details

Version: 0.1.3
Check: compiled code
Result: NOTE
    File ‘fractional/libs/fractional.so’:
     Found no calls to: ‘R_registerRoutines’, ‘R_useDynamicSymbols’
    
    It is good practice to register native routines and to disable symbol
    search.
    
    See ‘Writing portable packages’ in the ‘Writing R Extensions’ manual.
Flavors: r-devel-linux-x86_64-fedora-clang, r-devel-linux-x86_64-fedora-gcc