Last updated on 2020-12-31 00:46:43 CET.
Flavor | Version | Tinstall | Tcheck | Ttotal | Status | Flags |
---|---|---|---|---|---|---|
r-devel-linux-x86_64-debian-clang | 1.0.0 | 46.29 | 246.13 | 292.42 | OK | |
r-devel-linux-x86_64-debian-gcc | 1.0.0 | 29.67 | 158.65 | 188.32 | OK | |
r-devel-linux-x86_64-fedora-clang | 1.0.0 | 351.36 | NOTE | |||
r-devel-linux-x86_64-fedora-gcc | 1.0.0 | 313.20 | NOTE | |||
r-devel-windows-ix86+x86_64 | 1.0.0 | 95.00 | 370.00 | 465.00 | NOTE | |
r-patched-linux-x86_64 | 1.0.0 | 34.99 | 208.43 | 243.42 | OK | |
r-patched-solaris-x86 | 1.0.0 | 457.80 | NOTE | |||
r-release-linux-x86_64 | 1.0.0 | 35.18 | 229.27 | 264.45 | OK | |
r-release-macos-x86_64 | 1.0.0 | NOTE | ||||
r-release-windows-ix86+x86_64 | 1.0.0 | 97.00 | 346.00 | 443.00 | NOTE | |
r-oldrel-macos-x86_64 | 1.0.0 | NOTE | ||||
r-oldrel-windows-ix86+x86_64 | 1.0.0 | 66.00 | 250.00 | 316.00 | OK |
Version: 1.0.0
Check: dependencies in R code
Result: NOTE
Namespace in Imports field not imported from: ‘RColorBrewer’
All declared Imports should be used.
Flavors: r-devel-linux-x86_64-fedora-clang, r-devel-linux-x86_64-fedora-gcc, r-patched-solaris-x86, r-release-macos-x86_64, r-oldrel-macos-x86_64
Version: 1.0.0
Check: installed package size
Result: NOTE
installed size is 5.2Mb
sub-directories of 1Mb or more:
doc 1.9Mb
libs 2.0Mb
Flavors: r-devel-windows-ix86+x86_64, r-release-windows-ix86+x86_64