Last updated on 2020-12-31 00:46:43 CET.
Flavor | Version | Tinstall | Tcheck | Ttotal | Status | Flags |
---|---|---|---|---|---|---|
r-devel-linux-x86_64-debian-clang | 1.9.3 | 20.23 | 115.97 | 136.20 | OK | |
r-devel-linux-x86_64-debian-gcc | 1.9.3 | 16.67 | 87.15 | 103.82 | OK | |
r-devel-linux-x86_64-fedora-clang | 1.9.3 | 175.11 | OK | |||
r-devel-linux-x86_64-fedora-gcc | 1.9.3 | 167.35 | OK | |||
r-devel-windows-ix86+x86_64 | 1.9.3 | 5.00 | 7.00 | 12.00 | ERROR | |
r-patched-linux-x86_64 | 1.9.3 | 19.27 | 105.01 | 124.28 | OK | |
r-patched-solaris-x86 | 1.9.3 | 208.80 | OK | |||
r-release-linux-x86_64 | 1.9.3 | 18.64 | 107.35 | 125.99 | OK | |
r-release-macos-x86_64 | 1.9.3 | OK | ||||
r-release-windows-ix86+x86_64 | 1.9.3 | 42.00 | 126.00 | 168.00 | OK | |
r-oldrel-macos-x86_64 | 1.9.3 | NOTE | ||||
r-oldrel-windows-ix86+x86_64 | 1.9.3 | 29.00 | 118.00 | 147.00 | OK |
Version: 1.9.3
Check: whether package can be installed
Result: ERROR
Installation failed.
Flavor: r-devel-windows-ix86+x86_64
Version: 1.9.3
Check: dependencies in R code
Result: NOTE
No protocol specified
No protocol specified
No protocol specified
No protocol specified
Flavor: r-oldrel-macos-x86_64