CRAN Package Check Results for Package flan

Last updated on 2020-12-31 00:46:43 CET.

Flavor Version Tinstall Tcheck Ttotal Status Flags
r-devel-linux-x86_64-debian-clang 0.8 90.66 68.03 158.69 OK
r-devel-linux-x86_64-debian-gcc 0.8 68.57 51.17 119.74 OK
r-devel-linux-x86_64-fedora-clang 0.8 225.87 NOTE
r-devel-linux-x86_64-fedora-gcc 0.8 214.65 OK
r-devel-windows-ix86+x86_64 0.8 222.00 137.00 359.00 OK
r-patched-linux-x86_64 0.8 84.48 66.24 150.72 OK
r-patched-solaris-x86 0.8 203.90 OK
r-release-linux-x86_64 0.8 79.75 65.32 145.07 OK
r-release-macos-x86_64 0.8 NOTE
r-release-windows-ix86+x86_64 0.8 217.00 139.00 356.00 OK
r-oldrel-macos-x86_64 0.8 NOTE
r-oldrel-windows-ix86+x86_64 0.8 154.00 98.00 252.00 OK

Check Details

Version: 0.8
Check: installed package size
Result: NOTE
     installed size is 7.3Mb
     sub-directories of 1Mb or more:
     libs 7.1Mb
Flavors: r-devel-linux-x86_64-fedora-clang, r-release-macos-x86_64, r-oldrel-macos-x86_64