CRAN Package Check Results for Package flamingos

Last updated on 2020-12-31 00:46:43 CET.

Flavor Version Tinstall Tcheck Ttotal Status Flags
r-devel-linux-x86_64-debian-clang 0.1.0 77.86 168.59 246.45 OK
r-devel-linux-x86_64-debian-gcc 0.1.0 47.21 122.53 169.74 OK
r-devel-linux-x86_64-fedora-clang 0.1.0 300.03 NOTE
r-devel-linux-x86_64-fedora-gcc 0.1.0 284.52 OK
r-devel-windows-ix86+x86_64 0.1.0 163.00 292.00 455.00 NOTE
r-patched-linux-x86_64 0.1.0 55.99 161.04 217.03 OK
r-patched-solaris-x86 0.1.0 434.40 NOTE
r-release-linux-x86_64 0.1.0 54.95 161.66 216.61 OK
r-release-macos-x86_64 0.1.0 NOTE
r-release-windows-ix86+x86_64 0.1.0 158.00 291.00 449.00 NOTE
r-oldrel-macos-x86_64 0.1.0 NOTE
r-oldrel-windows-ix86+x86_64 0.1.0 101.00 230.00 331.00 NOTE

Check Details

Version: 0.1.0
Check: installed package size
Result: NOTE
     installed size is 7.7Mb
     sub-directories of 1Mb or more:
     doc 1.9Mb
     help 2.3Mb
     libs 3.1Mb
Flavors: r-devel-linux-x86_64-fedora-clang, r-devel-windows-ix86+x86_64, r-patched-solaris-x86, r-release-macos-x86_64, r-release-windows-ix86+x86_64, r-oldrel-macos-x86_64, r-oldrel-windows-ix86+x86_64