CRAN Package Check Results for Package fdaMixed

Last updated on 2020-12-31 00:46:43 CET.

Flavor Version Tinstall Tcheck Ttotal Status Flags
r-devel-linux-x86_64-debian-clang 0.6 105.81 35.86 141.67 OK
r-devel-linux-x86_64-debian-gcc 0.6 74.45 26.69 101.14 OK
r-devel-linux-x86_64-fedora-clang 0.6 209.14 NOTE
r-devel-linux-x86_64-fedora-gcc 0.6 189.56 OK
r-devel-windows-ix86+x86_64 0.6 246.00 86.00 332.00 OK
r-patched-linux-x86_64 0.6 87.79 33.78 121.57 OK
r-patched-solaris-x86 0.6 166.90 OK
r-release-linux-x86_64 0.6 86.77 33.81 120.58 OK
r-release-macos-x86_64 0.6 NOTE
r-release-windows-ix86+x86_64 0.6 243.00 85.00 328.00 OK
r-oldrel-macos-x86_64 0.6 NOTE
r-oldrel-windows-ix86+x86_64 0.6 162.00 61.00 223.00 OK

Check Details

Version: 0.6
Check: installed package size
Result: NOTE
     installed size is 9.0Mb
     sub-directories of 1Mb or more:
     libs 8.9Mb
Flavors: r-devel-linux-x86_64-fedora-clang, r-release-macos-x86_64, r-oldrel-macos-x86_64