CRAN Package Check Results for Package fclust

Last updated on 2020-12-31 00:46:42 CET.

Flavor Version Tinstall Tcheck Ttotal Status Flags
r-devel-linux-x86_64-debian-clang 2.1.1 148.34 76.82 225.16 OK
r-devel-linux-x86_64-debian-gcc 2.1.1 109.64 56.19 165.83 OK
r-devel-linux-x86_64-fedora-clang 2.1.1 333.28 NOTE
r-devel-linux-x86_64-fedora-gcc 2.1.1 303.60 OK
r-devel-windows-ix86+x86_64 2.1.1 357.00 137.00 494.00 OK
r-patched-linux-x86_64 2.1.1 129.66 70.27 199.93 OK
r-patched-solaris-x86 2.1.1 274.50 OK
r-release-linux-x86_64 2.1.1 122.51 71.52 194.03 OK
r-release-macos-x86_64 2.1.1 NOTE
r-release-windows-ix86+x86_64 2.1.1 347.00 136.00 483.00 OK
r-oldrel-macos-x86_64 2.1.1 NOTE
r-oldrel-windows-ix86+x86_64 2.1.1 222.00 95.00 317.00 OK

Check Details

Version: 2.1.1
Check: installed package size
Result: NOTE
     installed size is 11.2Mb
     sub-directories of 1Mb or more:
     libs 10.5Mb
Flavors: r-devel-linux-x86_64-fedora-clang, r-release-macos-x86_64, r-oldrel-macos-x86_64