Last updated on 2020-12-31 00:46:42 CET.
Flavor | Version | Tinstall | Tcheck | Ttotal | Status | Flags |
---|---|---|---|---|---|---|
r-devel-linux-x86_64-debian-clang | 0.0.1 | 101.31 | 58.73 | 160.04 | NOTE | |
r-devel-linux-x86_64-debian-gcc | 0.0.1 | 87.38 | 48.52 | 135.90 | NOTE | |
r-devel-linux-x86_64-fedora-clang | 0.0.1 | 224.56 | NOTE | |||
r-devel-linux-x86_64-fedora-gcc | 0.0.1 | 218.83 | OK | |||
r-devel-windows-ix86+x86_64 | 0.0.1 | 220.00 | 120.00 | 340.00 | NOTE | |
r-patched-linux-x86_64 | 0.0.1 | 90.97 | 62.37 | 153.34 | NOTE | |
r-patched-solaris-x86 | 0.0.1 | 337.70 | OK | |||
r-release-linux-x86_64 | 0.0.1 | 91.49 | 63.03 | 154.52 | NOTE | |
r-release-macos-x86_64 | 0.0.1 | NOTE | ||||
r-release-windows-ix86+x86_64 | 0.0.1 | 217.00 | 120.00 | 337.00 | NOTE | |
r-oldrel-macos-x86_64 | 0.0.1 | NOTE | ||||
r-oldrel-windows-ix86+x86_64 | 0.0.1 | 135.00 | 87.00 | 222.00 | OK |
Version: 0.0.1
Check: package vignettes
Result: NOTE
Package vignette with placeholder title 'Vignette Title':
'quick-usage-guide-to-the-fastglm-package.Rmd'
Flavors: r-devel-linux-x86_64-debian-clang, r-devel-linux-x86_64-debian-gcc, r-devel-windows-ix86+x86_64, r-patched-linux-x86_64, r-release-linux-x86_64, r-release-windows-ix86+x86_64
Version: 0.0.1
Check: installed package size
Result: NOTE
installed size is 39.9Mb
sub-directories of 1Mb or more:
libs 39.7Mb
Flavors: r-devel-linux-x86_64-fedora-clang, r-release-macos-x86_64, r-oldrel-macos-x86_64