CRAN Package Check Results for Package far

Last updated on 2020-12-31 00:46:42 CET.

Flavor Version Tinstall Tcheck Ttotal Status Flags
r-devel-linux-x86_64-debian-clang 0.6-5 4.78 37.50 42.28 OK
r-devel-linux-x86_64-debian-gcc 0.6-5 4.55 27.80 32.35 OK
r-devel-linux-x86_64-fedora-clang 0.6-5 59.94 NOTE
r-devel-linux-x86_64-fedora-gcc 0.6-5 50.32 NOTE
r-devel-windows-ix86+x86_64 0.6-5 11.00 61.00 72.00 OK
r-patched-linux-x86_64 0.6-5 5.60 34.82 40.42 OK
r-patched-solaris-x86 0.6-5 73.60 OK
r-release-linux-x86_64 0.6-5 5.46 35.43 40.89 OK
r-release-macos-x86_64 0.6-5 OK
r-release-windows-ix86+x86_64 0.6-5 11.00 50.00 61.00 OK
r-oldrel-macos-x86_64 0.6-5 OK
r-oldrel-windows-ix86+x86_64 0.6-5 8.00 49.00 57.00 OK

Check Details

Version: 0.6-5
Check: compiled code
Result: NOTE
    File ‘far/libs/far.so’:
     Found no calls to: ‘R_registerRoutines’, ‘R_useDynamicSymbols’
    
    It is good practice to register native routines and to disable symbol
    search.
    
    See ‘Writing portable packages’ in the ‘Writing R Extensions’ manual.
Flavors: r-devel-linux-x86_64-fedora-clang, r-devel-linux-x86_64-fedora-gcc