Last updated on 2020-12-31 00:46:42 CET.
Flavor | Version | Tinstall | Tcheck | Ttotal | Status | Flags |
---|---|---|---|---|---|---|
r-devel-linux-x86_64-debian-clang | 3042.82 | 11.34 | 64.83 | 76.17 | OK | |
r-devel-linux-x86_64-debian-gcc | 3042.82 | 9.24 | 47.41 | 56.65 | OK | |
r-devel-linux-x86_64-fedora-clang | 3042.82 | 97.02 | NOTE | |||
r-devel-linux-x86_64-fedora-gcc | 3042.82 | 88.95 | NOTE | |||
r-devel-windows-ix86+x86_64 | 3042.82 | 25.00 | 104.00 | 129.00 | OK | |
r-patched-linux-x86_64 | 3042.82 | 10.91 | 59.30 | 70.21 | OK | |
r-patched-solaris-x86 | 3042.82 | 116.60 | OK | |||
r-release-linux-x86_64 | 3042.82 | 10.46 | 59.06 | 69.52 | OK | |
r-release-macos-x86_64 | 3042.82 | OK | ||||
r-release-windows-ix86+x86_64 | 3042.82 | 28.00 | 79.00 | 107.00 | OK | |
r-oldrel-macos-x86_64 | 3042.82 | WARN | ||||
r-oldrel-windows-ix86+x86_64 | 3042.82 | 18.00 | 72.00 | 90.00 | OK |
Version: 3042.82
Check: compiled code
Result: NOTE
File ‘fAsianOptions/libs/fAsianOptions.so’:
Found no calls to: ‘R_registerRoutines’, ‘R_useDynamicSymbols’
It is good practice to register native routines and to disable symbol
search.
See ‘Writing portable packages’ in the ‘Writing R Extensions’ manual.
Flavors: r-devel-linux-x86_64-fedora-clang, r-devel-linux-x86_64-fedora-gcc
Version: 3042.82
Check: whether package can be installed
Result: WARN
Found the following significant warnings:
Warning: ‘i’ is used uninitialized in this function [-Wuninitialized]
Flavor: r-oldrel-macos-x86_64