CRAN Package Check Results for Package ergmito

Last updated on 2020-12-31 00:46:42 CET.

Flavor Version Tinstall Tcheck Ttotal Status Flags
r-devel-linux-x86_64-debian-clang 0.3-0 123.38 201.29 324.67 OK
r-devel-linux-x86_64-debian-gcc 0.3-0 86.13 147.62 233.75 OK
r-devel-linux-x86_64-fedora-clang 0.3-0 416.76 NOTE
r-devel-linux-x86_64-fedora-gcc 0.3-0 392.71 OK
r-devel-windows-ix86+x86_64 0.3-0 252.00 389.00 641.00 OK
r-patched-linux-x86_64 0.3-0 97.72 183.76 281.48 OK
r-patched-solaris-x86 0.3-0 463.20 OK
r-release-linux-x86_64 0.3-0 99.53 186.09 285.62 OK
r-release-macos-x86_64 0.3-0 NOTE
r-release-windows-ix86+x86_64 0.3-0 251.00 398.00 649.00 OK
r-oldrel-macos-x86_64 0.3-0 NOTE
r-oldrel-windows-ix86+x86_64 0.3-0 167.00 273.00 440.00 OK

Check Details

Version: 0.3-0
Check: installed package size
Result: NOTE
     installed size is 6.0Mb
     sub-directories of 1Mb or more:
     libs 4.6Mb
Flavors: r-devel-linux-x86_64-fedora-clang, r-release-macos-x86_64, r-oldrel-macos-x86_64