CRAN Package Check Results for Package equateIRT

Last updated on 2020-12-31 00:46:42 CET.

Flavor Version Tinstall Tcheck Ttotal Status Flags
r-devel-linux-x86_64-debian-clang 2.1.0 16.41 221.25 237.66 OK
r-devel-linux-x86_64-debian-gcc 2.1.0 12.70 168.86 181.56 OK
r-devel-linux-x86_64-fedora-clang 2.1.0 291.42 OK
r-devel-linux-x86_64-fedora-gcc 2.1.0 283.81 OK
r-devel-windows-ix86+x86_64 2.1.0 28.00 312.00 340.00 OK
r-patched-linux-x86_64 2.1.0 13.26 214.57 227.83 OK
r-patched-solaris-x86 2.1.0 572.50 OK
r-release-linux-x86_64 2.1.0 15.33 208.21 223.54 WARN
r-release-macos-x86_64 2.1.0 OK
r-release-windows-ix86+x86_64 2.1.0 27.00 244.00 271.00 OK
r-oldrel-macos-x86_64 2.1.0 OK
r-oldrel-windows-ix86+x86_64 2.1.0 18.00 236.00 254.00 OK

Check Details

Version: 2.1.0
Check: re-building of vignette outputs
Result: WARN
    Error(s) in re-building vignettes:
     ...
    --- re-building ‘equateIRT_tutorial.Rmd’ using rmarkdown
    Loading required package: MASS
    Loading required package: msm
    Loading required package: polycor
    Loading required package: statnet.common
    
    Attaching package: 'statnet.common'
    
    The following object is masked from 'package:base':
    
     order
    
    Loading required package: network
    network: Classes for Relational Data
    Version 1.16.1 created on 2020-10-06.
    copyright (c) 2005, Carter T. Butts, University of California-Irvine
     Mark S. Handcock, University of California -- Los Angeles
     David R. Hunter, Penn State University
     Martina Morris, University of Washington
     Skye Bender-deMoll, University of Washington
     For citation information, type citation("network").
     Type help("network-package") to get started.
    
    sna: Tools for Social Network Analysis
    Version 2.6 created on 2020-10-5.
    copyright (c) 2005, Carter T. Butts, University of California-Irvine
     For citation information, type citation("sna").
     Type help(package="sna") to get started.
    
    --- finished re-building ‘equateIRT_tutorial.Rmd’
    
    --- re-building ‘equateIRT_paper.Rnw’ using Sweave
    Warning: Argument mod1 is deprecated; please use mods and which instead.
    Warning: Argument mod2 is deprecated; please use mods and which instead.
    Loading required package: MASS
    Loading required package: msm
    Loading required package: polycor
    Error: processing vignette 'equateIRT_paper.Rnw' failed with diagnostics:
    Running ‘texi2dvi’ on ‘equateIRT_paper.tex’ failed.
    LaTeX errors:
    ! Undefined control sequence.
    <recently read> \Hy@colorlink
    
    l.54 \begin{document}
    
    ! Undefined control sequence.
    \close@pdflink ->\Hy@endcolorlink
     \Hy@VerboseLinkStop \pdfendlink
    l.54 \begin{document}
    
    ! Undefined control sequence.
    <recently read> \Hy@colorlink
    
    l.54 \begin{document}
    
    ! Undefined control sequence.
    \close@pdflink ->\Hy@endcolorlink
     \Hy@VerboseLinkStop \pdfendlink
    l.54 \begin{document}
    
    --- failed re-building 'equateIRT_paper.Rnw'
    
    SUMMARY: processing the following file failed:
     ‘equateIRT_paper.Rnw’
    
    Error: Vignette re-building failed.
    Execution halted
Flavor: r-release-linux-x86_64