CRAN Package Check Results for Package epitweetr

Last updated on 2020-12-31 00:46:42 CET.

Flavor Version Tinstall Tcheck Ttotal Status Flags
r-devel-linux-x86_64-debian-clang 0.1.24 13.28 106.69 119.97 NOTE
r-devel-linux-x86_64-debian-gcc 0.1.24 12.31 78.58 90.89 NOTE
r-devel-linux-x86_64-fedora-clang 0.1.24 154.63 WARN
r-devel-linux-x86_64-fedora-gcc 0.1.24 142.11 NOTE
r-devel-windows-ix86+x86_64 0.1.24 30.00 159.00 189.00 OK
r-patched-linux-x86_64 0.1.24 12.94 95.87 108.81 NOTE
r-patched-solaris-x86 0.1.24 177.90 NOTE
r-release-linux-x86_64 0.1.24 14.15 96.37 110.52 NOTE
r-release-macos-x86_64 0.1.24 NOTE
r-release-windows-ix86+x86_64 0.1.24 29.00 161.00 190.00 OK
r-oldrel-macos-x86_64 0.1.24 NOTE
r-oldrel-windows-ix86+x86_64 0.1.24 17.00 116.00 133.00 OK

Check Details

Version: 0.1.24
Check: package dependencies
Result: NOTE
    Package suggested but not available for checking: 'taskscheduleR'
Flavors: r-devel-linux-x86_64-debian-clang, r-devel-linux-x86_64-debian-gcc, r-devel-linux-x86_64-fedora-gcc, r-patched-linux-x86_64, r-patched-solaris-x86, r-release-linux-x86_64, r-release-macos-x86_64, r-oldrel-macos-x86_64

Version: 0.1.24
Check: package dependencies
Result: WARN
    Package suggested but not available for checking: ‘taskscheduleR’
    
    Imports includes 26 non-default packages.
    Importing from so many packages makes the package vulnerable to any of
    them becoming unavailable. Move as many as possible to Suggests and
    use conditionally.
    
    Requires orphaned package: ‘plotly’
Flavor: r-devel-linux-x86_64-fedora-clang

Version: 0.1.24
Check: dependencies in R code
Result: NOTE
    Namespaces in Imports field not imported from:
     ‘httpuv’ ‘plyr’ ‘rgdal’ ‘rgeos’ ‘tidyverse’ ‘tokenizers’
     All declared Imports should be used.
Flavors: r-devel-linux-x86_64-fedora-clang, r-devel-linux-x86_64-fedora-gcc, r-patched-solaris-x86, r-release-macos-x86_64, r-oldrel-macos-x86_64