Last updated on 2020-12-31 00:46:42 CET.
Flavor | Version | Tinstall | Tcheck | Ttotal | Status | Flags |
---|---|---|---|---|---|---|
r-devel-linux-x86_64-debian-clang | 0.2.1 | 8.48 | 85.85 | 94.33 | OK | |
r-devel-linux-x86_64-debian-gcc | 0.2.1 | 6.43 | 62.17 | 68.60 | OK | |
r-devel-linux-x86_64-fedora-clang | 0.2.1 | 120.15 | WARN | |||
r-devel-linux-x86_64-fedora-gcc | 0.2.1 | 107.26 | OK | |||
r-devel-windows-ix86+x86_64 | 0.2.1 | 21.00 | 113.00 | 134.00 | OK | |
r-patched-linux-x86_64 | 0.2.1 | 8.09 | 77.84 | 85.93 | OK | |
r-patched-solaris-x86 | 0.2.1 | 157.60 | OK | |||
r-release-linux-x86_64 | 0.2.1 | 8.12 | 78.30 | 86.42 | OK | |
r-release-macos-x86_64 | 0.2.1 | OK | ||||
r-release-windows-ix86+x86_64 | 0.2.1 | 21.00 | 114.00 | 135.00 | OK | |
r-oldrel-macos-x86_64 | 0.2.1 | OK | ||||
r-oldrel-windows-ix86+x86_64 | 0.2.1 | 12.00 | 73.00 | 85.00 | OK |
Version: 0.2.1
Check: package dependencies
Result: WARN
Requires orphaned package: ‘plotly’
Flavor: r-devel-linux-x86_64-fedora-clang