Last updated on 2020-12-31 00:46:42 CET.
Flavor | Version | Tinstall | Tcheck | Ttotal | Status | Flags |
---|---|---|---|---|---|---|
r-devel-linux-x86_64-debian-clang | 0.6.6 | 6.05 | 61.48 | 67.53 | NOTE | |
r-devel-linux-x86_64-debian-gcc | 0.6.6 | 4.89 | 55.77 | 60.66 | OK | |
r-devel-linux-x86_64-fedora-clang | 0.6.6 | 92.43 | NOTE | |||
r-devel-linux-x86_64-fedora-gcc | 0.6.6 | 95.56 | OK | |||
r-devel-windows-ix86+x86_64 | 0.6.6 | 13.00 | 116.00 | 129.00 | OK | |
r-patched-linux-x86_64 | 0.6.6 | 6.68 | 70.37 | 77.05 | OK | |
r-release-linux-x86_64 | 0.6.6 | 7.23 | 70.40 | 77.63 | OK | |
r-release-macos-x86_64 | 0.6.6 | ERROR | ||||
r-release-windows-ix86+x86_64 | 0.6.6 | 12.00 | 116.00 | 128.00 | OK | |
r-oldrel-macos-x86_64 | 0.6.6 | OK | ||||
r-oldrel-windows-ix86+x86_64 | 0.6.6 | 9.00 | 75.00 | 84.00 | OK |
Version: 0.6.6
Check: package dependencies
Result: NOTE
Packages suggested but not available for checking: 'xcms', 'MSnbase'
Flavor: r-devel-linux-x86_64-debian-clang
Version: 0.6.6
Check: package dependencies
Result: NOTE
Packages suggested but not available for checking: 'xcms', 'MSnbase'
Suggests orphaned package: ‘plotly’
Flavor: r-devel-linux-x86_64-fedora-clang
Version: 0.6.6
Check: package dependencies
Result: ERROR
Package required but not available: ‘Rdisop’
See section ‘The DESCRIPTION file’ in the ‘Writing R Extensions’
manual.
Flavor: r-release-macos-x86_64