CRAN Package Check Results for Package envi

Last updated on 2020-12-31 00:46:42 CET.

Flavor Version Tinstall Tcheck Ttotal Status Flags
r-devel-linux-x86_64-debian-clang 0.1.3 18.17 296.32 314.49 OK
r-devel-linux-x86_64-debian-gcc 0.1.3 14.17 223.31 237.48 OK
r-devel-linux-x86_64-fedora-clang 0.1.3 388.67 OK
r-devel-linux-x86_64-fedora-gcc 0.1.3 385.34 OK
r-devel-windows-ix86+x86_64 0.1.3 35.00 257.00 292.00 OK
r-patched-linux-x86_64 0.1.3 17.01 279.27 296.28 OK
r-patched-solaris-x86 0.1.3 813.10 ERROR
r-release-linux-x86_64 0.1.3 17.20 279.15 296.35 OK
r-release-macos-x86_64 0.1.3 ERROR
r-release-windows-ix86+x86_64 0.1.3 34.00 256.00 290.00 OK
r-oldrel-macos-x86_64 0.1.3 OK
r-oldrel-windows-ix86+x86_64 0.1.3 45.00 236.00 281.00 OK

Check Details

Version: 0.1.3
Check: tests
Result: ERROR
     Running ‘spelling.R’ [11s/12s]
     Running ‘testthat.R’ [8m/10m]
    Running the tests in ‘tests/testthat.R’ failed.
    Complete output:
     > library(testthat)
     > library(envi)
    
     Welcome to {envi} version 0.1.3
     > help("envi") # for documentation
     > citation("envi") # for how to cite
    
     >
     > test_check("envi")
    
     |
     | | 0%
     |
     |======= | 10%
     |
     |============== | 20%
     |
     |===================== | 30%
     |
     |============================ | 40%
     |
     |=================================== | 50%
     |
     |========================================== | 60%
     |
     |================================================= | 70%
     |
     |======================================================== | 80%
     |
     |=============================================================== | 90%
     |
     |======================================================================| 100%
     |
     | | 0%
     |
     |======= | 10%
     |
     |============== | 20%
     |
     |===================== | 30%
     |
     |============================ | 40%
     |
     |=================================== | 50%
     |
     |========================================== | 60%
     |
     |================================================= | 70%
     |
     |======================================================== | 80%
     |
     |=============================================================== | 90%
     |
     |======================================================================| 100%
     ══ Skipped tests ═══════════════════════════════════════════════════════════════
     ● On CRAN (4)
    
     ══ Warnings ════════════════════════════════════════════════════════════════════
     ── Warning (test-plot_cv.R:93:3): plot_cv throws error with invalid arguments ──
     calling par(new=TRUE) with no plot
     Backtrace:
     1. testthat::expect_error(plot_cv(input = test_lrren1, alpha = 0.05)) test-plot_cv.R:93:2
     6. envi::plot_cv(input = test_lrren1, alpha = 0.05)
     7. graphics::par(op)
     ── Warning (test-plot_obs.R:61:3): plot_obs throws error with invalid arguments ──
     calling par(new=TRUE) with no plot
     Backtrace:
     1. testthat::expect_error(...) test-plot_obs.R:61:2
     6. envi::plot_obs(...)
     7. graphics::par(op)
     ── Warning (test-plot_predict.R:74:3): plot_predict throws error with invalid arguments ──
     calling par(new=TRUE) with no plot
     Backtrace:
     1. testthat::expect_error(...) test-plot_predict.R:74:2
     6. envi::plot_predict(...)
     7. graphics::par(op)
     ── Warning (test-plot_predict.R:83:3): plot_predict throws error with invalid arguments ──
     calling par(new=TRUE) with no plot
     Backtrace:
     1. testthat::expect_error(...) test-plot_predict.R:83:2
     6. envi::plot_predict(...)
     7. graphics::par(op)
    
     ══ Failed tests ════════════════════════════════════════════════════════════════
     ── Error (test-lrren.R:271:3): lrren works ─────────────────────────────────────
     Error: Cluster setup failed. 2 of 2 workers failed to connect.
     Backtrace:
     █
     1. ├─testthat::expect_named(...) test-lrren.R:271:2
     2. │ └─testthat::quasi_label(enquo(object), label, arg = "object")
     3. │ └─rlang::eval_bare(expr, quo_get_env(quo))
     4. └─envi::lrren(...)
     5. └─parallel::makeCluster(n_core)
     6. └─parallel::makePSOCKcluster(names = spec, ...)
     ── Error (test-perlrren.R:164:3): perlrren works ───────────────────────────────
     Error: Cluster setup failed. 2 of 2 workers failed to connect.
     Backtrace:
     █
     1. ├─testthat::expect_named(...) test-perlrren.R:164:2
     2. │ └─testthat::quasi_label(enquo(object), label, arg = "object")
     3. │ └─rlang::eval_bare(expr, quo_get_env(quo))
     4. └─envi::perlrren(...)
     5. └─parallel::makeCluster(n_core)
     6. └─parallel::makePSOCKcluster(names = spec, ...)
    
     [ FAIL 2 | WARN 4 | SKIP 4 | PASS 38 ]
     Error: Test failures
     Execution halted
Flavor: r-patched-solaris-x86

Version: 0.1.3
Check: tests
Result: ERROR
     Running ‘spelling.R’ [3s/3s]
     Running ‘testthat.R’ [336s/323s]
    Running the tests in ‘tests/testthat.R’ failed.
    Last 13 lines of output:
     6. └─parallel::makePSOCKcluster(names = spec, ...)
     ── Error (test-perlrren.R:164:3): perlrren works ───────────────────────────────
     Error: Cluster setup failed. 2 of 2 workers failed to connect.
     Backtrace:
     █
     1. ├─testthat::expect_named(...) test-perlrren.R:164:2
     2. │ └─testthat::quasi_label(enquo(object), label, arg = "object")
     3. │ └─rlang::eval_bare(expr, quo_get_env(quo))
     4. └─envi::perlrren(...)
     5. └─parallel::makeCluster(n_core)
     6. └─parallel::makePSOCKcluster(names = spec, ...)
    
     [ FAIL 2 | WARN 4 | SKIP 4 | PASS 38 ]
     Error: Test failures
     Execution halted
Flavor: r-release-macos-x86_64