Last updated on 2020-12-31 00:46:42 CET.
Flavor | Version | Tinstall | Tcheck | Ttotal | Status | Flags |
---|---|---|---|---|---|---|
r-devel-linux-x86_64-debian-clang | 0.1.0 | 5.89 | 107.43 | 113.32 | OK | |
r-devel-linux-x86_64-debian-gcc | 0.1.0 | 4.58 | 77.80 | 82.38 | OK | |
r-devel-linux-x86_64-fedora-clang | 0.1.0 | 127.51 | NOTE | |||
r-devel-linux-x86_64-fedora-gcc | 0.1.0 | 118.29 | NOTE | |||
r-devel-windows-ix86+x86_64 | 0.1.0 | 13.00 | 186.00 | 199.00 | OK | |
r-patched-linux-x86_64 | 0.1.0 | 5.67 | 103.17 | 108.84 | OK | |
r-patched-solaris-x86 | 0.1.0 | 175.60 | NOTE | |||
r-release-linux-x86_64 | 0.1.0 | 5.59 | 102.88 | 108.47 | OK | |
r-release-macos-x86_64 | 0.1.0 | NOTE | ||||
r-release-windows-ix86+x86_64 | 0.1.0 | 15.00 | 155.00 | 170.00 | OK | |
r-oldrel-macos-x86_64 | 0.1.0 | NOTE | ||||
r-oldrel-windows-ix86+x86_64 | 0.1.0 | 9.00 | 153.00 | 162.00 | OK |
Version: 0.1.0
Check: data for non-ASCII characters
Result: NOTE
Note: found 192 marked UTF-8 strings
Flavors: r-devel-linux-x86_64-fedora-clang, r-devel-linux-x86_64-fedora-gcc, r-patched-solaris-x86, r-release-macos-x86_64, r-oldrel-macos-x86_64